 35720 is divided by 7786?
4576
What is the remainder when 471987 is divided by 157124?
615
What is the remainder when 780108 is divided by 6443?
505
Calculate the remainder when 17221 is divided by 2909.
2676
Calculate the remainder when 499876 is divided by 511.
118
Calculate the remainder when 166719 is divided by 8325.
219
Calculate the remainder when 183247732 is divided by 332573.
9
What is the remainder when 56396622 is divided by 25?
22
Calculate the remainder when 190767 is divided by 38141.
62
What is the remainder when 43344442 is divided by 134?
132
Calculate the remainder when 2391975 is divided by 138.
21
What is the remainder when 98837424 is divided by 190?
184
What is the remainder when 1357178 is divided by 2044?
2006
What is the remainder when 58599 is divided by 19144?
1167
What is the remainder when 173160 is divided by 173095?
65
What is the remainder when 11737228 is divided by 4219?
4189
What is the remainder when 579509 is divided by 16535?
784
What is the remainder when 90180752 is divided by 69157?
24
Calculate the remainder when 55947966 is divided by 21.
18
Calculate the remainder when 109850 is divided by 54629.
592
Calculate the remainder when 72339783 is divided by 5167126.
19
What is the remainder when 11395077 is divided by 108?
105
Calculate the remainder when 54838 is divided by 8833.
1840
Calculate the remainder when 77226 is divided by 2676.
2298
What is the remainder when 7507464 is divided by 384?
264
What is the remainder when 528631106 is divided by 7?
3
What is the remainder when 34850 is divided by 2436?
746
What is the remainder when 29270 is divided by 5834?
100
Calculate the remainder when 27271328 is divided by 28828.
40
What is the remainder when 1374384 is divided by 1787?
181
Calculate the remainder when 828409 is divided by 1018.
775
Calculate the remainder when 18392 is divided by 16270.
2122
Calculate the remainder when 54850 is divided by 18277.
19
Calculate the remainder when 30798840 is divided by 452.
12
Calculate the remainder when 1269429 is divided by 8877.
18
What is the remainder when 152714902 is divided by 30?
22
Calculate the remainder when 15046052 is divided by 81.
59
What is the remainder when 409653 is divided by 102410?
13
What is the remainder when 25629104 is divided by 104?
72
Calculate the remainder when 168276 is divided by 10504.
212
What is the remainder when 9933696 is divided by 2881?
8
What is the remainder when 2549168 is divided by 229?
169
What is the remainder when 486591 is divided by 952?
119
Calculate the remainder when 1639 is divided by 863.
776
What is the remainder when 2361542 is divided by 163?
161
What is the remainder when 16461 is divided by 3244?
241
What is the remainder when 78705 is divided by 5271?
4911
What is the remainder when 8921781 is divided by 1784?
1781
What is the remainder when 5596052 is divided by 5596023?
29
Calculate the remainder when 788177 is divided by 3257.
3240
What is the remainder when 330710654 is divided by 268?
262
Calculate the remainder when 7187756 is divided by 266213.
5
Calculate the remainder when 1139886 is divided by 341.
264
Calculate the remainder when 532291574 is divided by 31.
29
What is the remainder when 76886 is divided by 25500?
386
Calculate the remainder when 1234656 is divided by 24.
0
What is the remainder when 94987 is divided by 2208?
43
Calculate the remainder when 76726675 is divided by 505.
5
Calculate the remainder when 731047 is divided by 731022.
25
What is the remainder when 111255996 is divided by 16?
12
Calculate the remainder when 98691535 is divided by 316319.
7
What is the remainder when 64648707 is divided by 596?
587
Calculate the remainder when 4201761 is divided by 350146.
9
What is the remainder when 433756 is divided by 16913?
10931
What is the remainder when 345128 is divided by 57493?
170
Calculate the remainder when 1990842 is divided by 1402.
2
Calculate the remainder when 142314377 is divided by 583.
579
What is the remainder when 28155 is divided by 1110?
405
Calculate the remainder when 5551 is divided by 2716.
119
What is the remainder when 80008 is divided by 1687?
719
What is the remainder when 276517 is divided by 16265?
12
Calculate the remainder when 3360511 is divided by 1992.
7
Calculate the remainder when 140660 is divided by 28113.
95
What is the remainder when 1351779 is divided by 945?
429
Calculate the remainder when 538099 is divided by 179230.
409
Calculate the remainder when 1115001 is divided by 2746.
125
What is the remainder when 218446 is divided by 163?
26
What is the remainder when 1460542 is divided by 7090?
2
Calculate the remainder when 58134648 is divided by 50.
48
What is the remainder when 67784908 is divided by 22?
4
What is the remainder when 32043 is divided by 6232?
883
What is the remainder when 13133875 is divided by 728?
27
What is the remainder when 47420735 is divided by 2634483?
41
What is the remainder when 1308868 is divided by 2121?
211
What is the remainder when 6341604 is divided by 211?
210
Calculate the remainder when 410685 is divided by 178.
39
Calculate the remainder when 6198134 is divided by 9196.
30
Calculate the remainder when 11328789 is divided by 578.
567
Calculate the remainder when 16338 is divided by 3194.
368
What is the remainder when 1397718 is divided by 681?
306
Calculate the remainder when 121400830 is divided by 2688.
2686
What is the remainder when 65699 is divided by 10856?
563
What is the remainder when 52175 is divided by 3010?
1005
What is the remainder when 302683 is divided by 964?
951
What is the remainder when 18777210 is divided by 6259052?
54
Calculate the remainder when 120567 is divided by 778.
755
Calculate the remainder when 3887639 is divided by 4718.
7
What is the remainder when 36456445 is divided by 32?
29
Calculate the remainder when 358740 is divided by 71629.
595
Calculate the remainder when 33019812 is divided by 1375825.
12
What is the remainder when 228438294 is divided by 575?
569
Calculate the remainder when 640551 is divided by 9544.
1103
What is the remainder when 146236 is divided by 48544?
604
What is the remainder when 21419 is divided by 2405?
2179
What is the remainder when 1254934 is divided by 1254876?
58
What is the remainder when 17798 is divided by 5758?
524
Calculate the remainder when 114760 is divided by 20.
0
What is the remainder when 19673204 is divided by 34?
22
Calculate the remainder when 270187 is divided by 347.
221
What is the remainder when 10521 is divided by 10333?
188
What is the remainder when 12938957 is divided by 585?
512
What is the remainder when 1166625 is divided by 4487?
5
What is the remainder when 823715 is divided by 554?
471
What is the remainder when 14175737 is divided by 49?
37
Calculate the remainder when 2953260 is divided by 1366.
1334
Calculate the remainder when 16228794 is divided by 8114388.
18
Calculate the remainder when 125968 is divided by 1614.
76
What is the remainder when 11908502 is divided by 693?
683
Calculate the remainder when 232127607 is divided by 78.
75
What is the remainder when 250485 is divided by 9626?
209
What is the remainder when 11611 is divided by 432?
379
Calculate the remainder when 8851 is divided by 3533.
1785
What is the remainder when 11465819 is divided by 46?
43
What is the remainder when 163746881 is divided by 27291146?
5
Calculate the remainder when 6981 is divided by 2064.
789
What is the remainder when 882953 is divided by 294184?
401
Calculate the remainder when 212641 is divided by 859.
468
Calculate the remainder when 106658505 is divided by 3290.
3285
What is the remainder when 10889194 is divided by 68?
14
What is the remainder when 169307 is divided by 310?
47
What is the remainder when 85624 is divided by 42376?
872
What is the remainder when 901718 is divided by 180275?
343
What is the remainder when 2628159511 is divided by 23?
19
What is the remainder when 30399569 is divided by 1258?
1257
What is the remainder when 445534 is divided by 12840?
8974
Calculate the remainder when 3337088 is divided by 232.
0
What is the remainder when 6997865 is divided by 1399573?
0
Calculate the remainder when 542661 is divided by 2090.
1351
What is the remainder when 112021 is divided by 22388?
